{"id":23,"date":"2024-10-28T11:39:02","date_gmt":"2024-10-28T10:39:02","guid":{"rendered":"https:\/\/felix-mentaltraining.de\/web\/?page_id=23"},"modified":"2026-04-03T18:41:07","modified_gmt":"2026-04-03T16:41:07","slug":"home","status":"publish","type":"page","link":"https:\/\/felix-mentaltraining.de\/web\/","title":{"rendered":"Home"},"content":{"rendered":"<div class=\"et_pb_section_0 et_pb_section et_section_regular et_block_section\">\n<div class=\"et_pb_row_0 et_pb_row et_block_row preset--module--divi-row--5138c454-be54-4233-bd3b-f8e6a8747976\">\n<div class=\"et_pb_column_0 et_pb_column et_pb_column_4_4 et-last-child et_block_column et_pb_css_mix_blend_mode_passthrough preset--module--divi-column--73121f80-a3ef-4484-8763-c3f18e3c56d2\">\n<div class=\"et_pb_image_0 et_pb_image et_pb_image_sticky et_pb_module et_block_module\"><span class=\"et_pb_image_wrap\"><img loading=\"lazy\" decoding=\"async\" src=\"https:\/\/felix-mentaltraining.de\/web\/wp-content\/uploads\/2025\/12\/felix-mentalservice.webp\" width=\"2000\" height=\"830\" srcset=\"https:\/\/felix-mentaltraining.de\/web\/wp-content\/uploads\/2025\/12\/felix-mentalservice.webp 2000w, https:\/\/felix-mentaltraining.de\/web\/wp-content\/uploads\/2025\/12\/felix-mentalservice-1280x531.webp 1280w, https:\/\/felix-mentaltraining.de\/web\/wp-content\/uploads\/2025\/12\/felix-mentalservice-980x407.webp 980w, https:\/\/felix-mentaltraining.de\/web\/wp-content\/uploads\/2025\/12\/felix-mentalservice-480x199.webp 480w\" sizes=\"(min-width: 0px) and (max-width: 480px) 480px, (min-width: 481px) and (max-width: 980px) 980px, (min-width: 981px) and (max-width: 1280px) 1280px, (min-width: 1281px) 2000px, 100vw\" class=\"wp-image-112 wp-image-228\" title=\"felix-mentaltraining\" \/><\/span><\/div>\n<\/div>\n<\/div>\n\n<div class=\"et_pb_row_1 et_pb_row et-vb-row--no-module et_flex_row preset--module--divi-row--5138c454-be54-4233-bd3b-f8e6a8747976\">\n<div class=\"et_pb_column_1 et_pb_column et-last-child et_flex_column et_pb_column_empty et_pb_css_mix_blend_mode_passthrough et_flex_column_24_24 et_flex_column_24_24_tablet et_flex_column_24_24_phone preset--module--divi-column--73121f80-a3ef-4484-8763-c3f18e3c56d2\"><\/div>\n<\/div>\n\n<div class=\"et_pb_row_2 et_pb_row et-vb-row--no-module et_flex_row preset--module--divi-row--5138c454-be54-4233-bd3b-f8e6a8747976\">\n<div class=\"et_pb_column_2 et_pb_column et-last-child et_flex_column et_pb_column_empty et_pb_css_mix_blend_mode_passthrough et_flex_column_24_24 et_flex_column_24_24_tablet et_flex_column_24_24_phone preset--module--divi-column--73121f80-a3ef-4484-8763-c3f18e3c56d2\"><\/div>\n<\/div>\n<\/div>\n\n<div class=\"et_pb_section_1 et_pb_section et_section_regular et_block_section\">\n<div class=\"et_pb_row_3 et_pb_row et_flex_row preset--module--divi-row--048d8e79-b07f-439b-bd57-f41c14f0a56b\">\n<div class=\"et_pb_column_3 et_pb_column et-last-child et_flex_column et_pb_css_mix_blend_mode_passthrough et_flex_column_24_24 et_flex_column_24_24_tablet et_flex_column_24_24_phone\">\n<div class=\"et_pb_text_0 et_pb_text et_pb_bg_layout_light et_pb_module et_flex_module\"><div class=\"et_pb_text_inner\"><p><span style=\"font-size: xx-large;\">Struktur. Orientierung. Klarheit. Ordnung. Halt. Stabilit\u00e4t. Erf\u00fcllung.<\/span><\/p>\n<\/div><\/div>\n<\/div>\n<\/div>\n<\/div>\n\n<div class=\"et_pb_section_2 et_pb_section et_section_regular et_flex_section\" id=\"philosophie\">\n<div class=\"et_pb_row_4 et_pb_row et_flex_row\">\n<div class=\"et_pb_column_4 et_pb_column et_flex_column et_pb_css_mix_blend_mode_passthrough et_flex_column_6_24 et_flex_column_6_24_tablet et_flex_column_24_24_phone\">\n<div class=\"et_pb_image_1 et_pb_image et_pb_module et_flex_module\"><span class=\"et_pb_image_wrap\"><img loading=\"lazy\" decoding=\"async\" src=\"https:\/\/felix-mentaltraining.de\/web\/wp-content\/uploads\/2025\/12\/Eveline-Felix-Expertin-fuer-ganzheitliche-Balance.webp\" alt=\"Eveline Felix \u2013 Expertin f\u00fcr ganzheitliche Balance\" width=\"1500\" height=\"2100\" srcset=\"https:\/\/felix-mentaltraining.de\/web\/wp-content\/uploads\/2025\/12\/Eveline-Felix-Expertin-fuer-ganzheitliche-Balance.webp 1500w, https:\/\/felix-mentaltraining.de\/web\/wp-content\/uploads\/2025\/12\/Eveline-Felix-Expertin-fuer-ganzheitliche-Balance-1280x1792.webp 1280w, https:\/\/felix-mentaltraining.de\/web\/wp-content\/uploads\/2025\/12\/Eveline-Felix-Expertin-fuer-ganzheitliche-Balance-980x1372.webp 980w, https:\/\/felix-mentaltraining.de\/web\/wp-content\/uploads\/2025\/12\/Eveline-Felix-Expertin-fuer-ganzheitliche-Balance-480x672.webp 480w\" sizes=\"(min-width: 0px) and (max-width: 480px) 480px, (min-width: 481px) and (max-width: 980px) 980px, (min-width: 981px) and (max-width: 1280px) 1280px, (min-width: 1281px) 1500px, 100vw\" class=\"wp-image-173\" \/><\/span><\/div>\n<\/div>\n\n<div class=\"et_pb_column_5 et_pb_column et-last-child et_flex_column et_pb_css_mix_blend_mode_passthrough et_flex_column_18_24 et_flex_column_18_24_tablet et_flex_column_24_24_phone\">\n<div class=\"et_pb_text_1 et_pb_text et_pb_bg_layout_light et_pb_module et_block_module preset--module--divi-text--2c55a9c4-feed-423b-9edb-ae0b5b365cac\"><div class=\"et_pb_text_inner\"><p>DEINE mentale Gesundheit ist unverhandelbar!<\/p>\n<\/div><\/div>\n\n<div class=\"et_pb_text_2 et_pb_text et_pb_bg_layout_light et_pb_module et_flex_module preset--group--divi-text--divi-font-header--tuss03ba7u\"><div class=\"et_pb_text_inner\"><h2>Eveline Felix \u2013<br \/>Expertin f\u00fcr ganzheitliche Balance<\/h2>\n<p>&nbsp;<\/p>\n<p>Balance f\u00fcr K\u00f6rper, Geist und Seele<\/p>\n<\/div><\/div>\n\n<div class=\"et_pb_text_3 et_pb_text et_pb_bg_layout_light et_pb_module et_flex_module\"><\/div>\n<\/div>\n<\/div>\n<\/div>\n\n<div class=\"et_pb_section_3 et_pb_section et_section_regular et_flex_section\">\n<div class=\"et_pb_row_5 et_pb_row et_flex_row\">\n<div class=\"et_pb_column_6 et_pb_column et-last-child et_flex_column et_pb_css_mix_blend_mode_passthrough et_flex_column_24_24 et_flex_column_24_24_tablet et_flex_column_24_24_phone\">\n\n\n<div class=\"et_pb_text_5 et_pb_text et_pb_bg_layout_light et_pb_module et_flex_module\"><div class=\"et_pb_text_inner\"><p>&nbsp;<\/p>\n<p>Langfristige Stabilit\u00e4t wird geschaffen durch Achtsamkeit, gesunde Routinen und k\u00f6rperliche Pr\u00e4senz.<\/p>\n<p>Ein ruhiger, ausgeglichener Start in den Tag legt den Grundstein f\u00fcr Erfolg und Wohlbefinden. Indem Du innere Ruhe und Klarheit findest, kannst Du Herausforderungen mit Gelassenheit und St\u00e4rke angehen.<\/p>\n<p>Meine Botschaft ermutigt Menschen, ihre eigene Stille zu finden, um daraus gest\u00e4rkt und klar in die Welt zu treten, um bewusst und achtsam ihren Weg zu gestalten.<\/p>\n<p>Es ist mir eine Herzensangelegenheit, Menschen zu helfen, sie zu unterst\u00fctzen, damit sie wachsen, wieder volle Kraft sch\u00f6pfen und in ihre innere St\u00e4rke zur\u00fcckkommen und bleiben.<\/p>\n<p>Nach einem tiefen einschneidenden Erlebnis in meinem Leben traf ich die Entscheidung \u2013 jetzt muss sich etwas \u00e4ndern.<\/p>\n<p>Jetzt muss ICH etwas \u00e4ndern!<\/p>\n<p>Triff Deine Entscheidung und ruf mich an!<\/p>\n<\/div><\/div>\n<\/div>\n<\/div>\n<\/div>\n\n<div class=\"et_pb_section_4 et_pb_section et_section_regular et_flex_section\">\n<div class=\"et_pb_row_6 et_pb_row et_flex_row\">\n<div class=\"et_pb_column_7 et_pb_column et-last-child et_flex_column et_pb_css_mix_blend_mode_passthrough et_flex_column_24_24 et_flex_column_24_24_tablet et_flex_column_24_24_phone\">\n<div class=\"et_pb_group_0 et_pb_group et-last-child et_pb_module et_flex_group et_pb_css_mix_blend_mode_passthrough\">\n<div class=\"et_pb_text_6 et_pb_text et_pb_bg_layout_dark et_pb_module et_flex_module\"><div class=\"et_pb_text_inner\"><p>Kostenloses Klarheitsgespr\u00e4ch buchen:<\/p>\n<\/div><\/div>\n\n<div class=\"et_pb_module et_pb_button_module_wrapper et_pb_button_0_wrapper preset--group--divi-button--divi-button--iejn88byui_wrapper\"><a class=\"et_pb_button_0 et_pb_button et_pb_bg_layout_dark et_pb_module et_flex_module preset--group--divi-button--divi-button--iejn88byui\" href=\"tel:+491624192325\" data-icon=\"\ue090\">0 162-419 23 25<\/a><\/div>\n<\/div>\n<\/div>\n<\/div>\n<\/div>\n\n<div class=\"et_pb_section_5 et_pb_section et_section_regular et_block_section\">\n<div class=\"et_pb_row_7 et_pb_row et_block_row preset--module--divi-row--5138c454-be54-4233-bd3b-f8e6a8747976\">\n<div class=\"et_pb_column_8 et_pb_column et_pb_column_4_4 et-last-child et_block_column et_pb_css_mix_blend_mode_passthrough preset--module--divi-column--73121f80-a3ef-4484-8763-c3f18e3c56d2\">\n<div class=\"et_pb_heading_0 et_pb_heading et_pb_module et_block_module preset--module--divi-heading--c33f07d9-41e0-421a-8799-5799df695cce\"><div class=\"et_pb_heading_container\"><h2 class=\"et_pb_module_header\">Erfahrungen meiner Klientinnen<\/h2><\/div><\/div>\n<\/div>\n<\/div>\n\n<div class=\"et_pb_row_8 et_pb_row et_flex_row\">\n<div class=\"et_pb_column_9 et_pb_column et_flex_column et_pb_css_mix_blend_mode_passthrough et_flex_column_8_24 et_flex_column_8_24_tablet et_flex_column_24_24_phone\">\n<div class=\"et_pb_group_1 et_pb_group et-last-child et_pb_module et_flex_group et_pb_css_mix_blend_mode_passthrough\">\n<div class=\"et_pb_icon_0 et_pb_icon et_pb_module et_flex_module\"><span class=\"et_pb_icon_wrap\"><span class=\"et-pb-icon\">\ue60f<\/span><\/span><\/div>\n\n<div class=\"et_pb_group_2 et_pb_group et-last-child et_pb_module et_flex_group et_pb_css_mix_blend_mode_passthrough\">\n<div class=\"et_pb_image_2 et_pb_image et_pb_module et_flex_module\"><span class=\"et_pb_image_wrap\"><img loading=\"lazy\" decoding=\"async\" src=\"https:\/\/felix-mentaltraining.de\/web\/wp-content\/uploads\/2025\/12\/Martina-Kindermann-Testimonial.webp\" alt=\"Martina Kindermann, Stadthagen\" width=\"1201\" height=\"1201\" srcset=\"https:\/\/felix-mentaltraining.de\/web\/wp-content\/uploads\/2025\/12\/Martina-Kindermann-Testimonial.webp 1201w, https:\/\/felix-mentaltraining.de\/web\/wp-content\/uploads\/2025\/12\/Martina-Kindermann-Testimonial-980x980.webp 980w, https:\/\/felix-mentaltraining.de\/web\/wp-content\/uploads\/2025\/12\/Martina-Kindermann-Testimonial-480x480.webp 480w\" sizes=\"(min-width: 0px) and (max-width: 480px) 480px, (min-width: 481px) and (max-width: 980px) 980px, (min-width: 981px) 1201px, 100vw\" class=\"wp-image-122\" \/><\/span><\/div>\n\n<div class=\"et_pb_group_3 et_pb_group et-last-child et_pb_module et_flex_group et_pb_css_mix_blend_mode_passthrough\">\n<div class=\"et_pb_text_7 et_pb_text et_pb_bg_layout_light et_pb_module et_flex_module\"><div class=\"et_pb_text_inner\"><p>\u201eDank Eveline Felix habe ich gelernt, mein inneres Potenzial zu entfalten und mein Leben selbstbewusster zu gestalten. Ihre Methoden sind transformativ!\u201c.<\/p>\n<\/div><\/div>\n\n<div class=\"et_pb_text_8 et_pb_text et_pb_bg_layout_light et_pb_module et_flex_module\"><div class=\"et_pb_text_inner\"><p>Martina Kindermann, Stadthagen<\/p>\n<\/div><\/div>\n<\/div>\n<\/div>\n<\/div>\n<\/div>\n\n<div class=\"et_pb_column_10 et_pb_column et_flex_column et_pb_css_mix_blend_mode_passthrough et_flex_column_8_24 et_flex_column_8_24_tablet et_flex_column_24_24_phone\">\n<div class=\"et_pb_group_4 et_pb_group et-last-child et_pb_module et_flex_group et_pb_css_mix_blend_mode_passthrough\">\n<div class=\"et_pb_icon_1 et_pb_icon et_pb_module et_flex_module\"><span class=\"et_pb_icon_wrap\"><span class=\"et-pb-icon\">\ue60f<\/span><\/span><\/div>\n\n<div class=\"et_pb_group_5 et_pb_group et-last-child et_pb_module et_flex_group et_pb_css_mix_blend_mode_passthrough\">\n<div class=\"et_pb_image_3 et_pb_image et_pb_module et_flex_module\"><span class=\"et_pb_image_wrap\"><img loading=\"lazy\" decoding=\"async\" src=\"https:\/\/felix-mentaltraining.de\/web\/wp-content\/uploads\/2025\/12\/Nadine-Bossog-Testimonial.webp\" alt=\"Nadine Bossog, Ottensen\" width=\"1200\" height=\"1200\" srcset=\"https:\/\/felix-mentaltraining.de\/web\/wp-content\/uploads\/2025\/12\/Nadine-Bossog-Testimonial.webp 1200w, https:\/\/felix-mentaltraining.de\/web\/wp-content\/uploads\/2025\/12\/Nadine-Bossog-Testimonial-980x980.webp 980w, https:\/\/felix-mentaltraining.de\/web\/wp-content\/uploads\/2025\/12\/Nadine-Bossog-Testimonial-480x480.webp 480w\" sizes=\"(min-width: 0px) and (max-width: 480px) 480px, (min-width: 481px) and (max-width: 980px) 980px, (min-width: 981px) 1200px, 100vw\" class=\"wp-image-123\" \/><\/span><\/div>\n\n<div class=\"et_pb_group_6 et_pb_group et-last-child et_pb_module et_flex_group et_pb_css_mix_blend_mode_passthrough\">\n<div class=\"et_pb_text_9 et_pb_text et_pb_bg_layout_light et_pb_module et_flex_module\"><div class=\"et_pb_text_inner\"><p>\u201eDurch das Coaching mit Eveline habe ich die Klarheit gefunden, die ich brauchte, um meine beruflichen und pers\u00f6nlichen Ziele zu erreichen. Ihre Unterst\u00fctzung war unbezahlbar.\u201c<\/p>\n<\/div><\/div>\n\n<div class=\"et_pb_text_10 et_pb_text et_pb_bg_layout_light et_pb_module et_flex_module\"><div class=\"et_pb_text_inner\"><p>Nadine Bossog, Ottensen<\/p>\n<\/div><\/div>\n<\/div>\n<\/div>\n<\/div>\n<\/div>\n\n<div class=\"et_pb_column_11 et_pb_column et-last-child et_flex_column et_pb_css_mix_blend_mode_passthrough et_flex_column_8_24 et_flex_column_8_24_tablet et_flex_column_24_24_phone\">\n<div class=\"et_pb_group_7 et_pb_group et-last-child et_pb_module et_flex_group et_pb_css_mix_blend_mode_passthrough\">\n<div class=\"et_pb_icon_2 et_pb_icon et_pb_module et_flex_module\"><span class=\"et_pb_icon_wrap\"><span class=\"et-pb-icon\">\ue60f<\/span><\/span><\/div>\n\n<div class=\"et_pb_group_8 et_pb_group et-last-child et_pb_module et_flex_group et_pb_css_mix_blend_mode_passthrough\">\n<div class=\"et_pb_image_4 et_pb_image et_pb_module et_flex_module\"><span class=\"et_pb_image_wrap\"><img loading=\"lazy\" decoding=\"async\" src=\"https:\/\/felix-mentaltraining.de\/web\/wp-content\/uploads\/2025\/12\/Vivien-Poetsch-Testimonial.webp\" alt=\"Vivien P\u00f6etsch, Stadthagen\" width=\"1201\" height=\"1201\" srcset=\"https:\/\/felix-mentaltraining.de\/web\/wp-content\/uploads\/2025\/12\/Vivien-Poetsch-Testimonial.webp 1201w, https:\/\/felix-mentaltraining.de\/web\/wp-content\/uploads\/2025\/12\/Vivien-Poetsch-Testimonial-980x980.webp 980w, https:\/\/felix-mentaltraining.de\/web\/wp-content\/uploads\/2025\/12\/Vivien-Poetsch-Testimonial-480x480.webp 480w\" sizes=\"(min-width: 0px) and (max-width: 480px) 480px, (min-width: 481px) and (max-width: 980px) 980px, (min-width: 981px) 1201px, 100vw\" class=\"wp-image-124\" \/><\/span><\/div>\n\n<div class=\"et_pb_group_9 et_pb_group et-last-child et_pb_module et_flex_group et_pb_css_mix_blend_mode_passthrough\">\n<div class=\"et_pb_text_11 et_pb_text et_pb_bg_layout_light et_pb_module et_flex_module\"><div class=\"et_pb_text_inner\"><p>\u201eEveline hat mir geholfen, meine \u00c4ngste zu \u00fcberwinden und ein starkes Mindset zu entwickeln. Ich f\u00fchle mich jetzt viel sicherer und zufriedener.\u201c<\/p>\n<\/div><\/div>\n\n<div class=\"et_pb_text_12 et_pb_text et_pb_bg_layout_light et_pb_module et_flex_module\"><div class=\"et_pb_text_inner\"><p>Vivien P\u00f6tsch, Stadthagen<\/p>\n<\/div><\/div>\n<\/div>\n<\/div>\n<\/div>\n<\/div>\n<\/div>\n<\/div>","protected":false},"excerpt":{"rendered":"","protected":false},"author":2,"featured_media":0,"parent":0,"menu_order":0,"comment_status":"closed","ping_status":"closed","template":"","meta":{"footnotes":""},"class_list":["post-23","page","type-page","status-publish","hentry"],"_links":{"self":[{"href":"https:\/\/felix-mentaltraining.de\/web\/wp-json\/wp\/v2\/pages\/23","targetHints":{"allow":["GET"]}}],"collection":[{"href":"https:\/\/felix-mentaltraining.de\/web\/wp-json\/wp\/v2\/pages"}],"about":[{"href":"https:\/\/felix-mentaltraining.de\/web\/wp-json\/wp\/v2\/types\/page"}],"author":[{"embeddable":true,"href":"https:\/\/felix-mentaltraining.de\/web\/wp-json\/wp\/v2\/users\/2"}],"replies":[{"embeddable":true,"href":"https:\/\/felix-mentaltraining.de\/web\/wp-json\/wp\/v2\/comments?post=23"}],"version-history":[{"count":126,"href":"https:\/\/felix-mentaltraining.de\/web\/wp-json\/wp\/v2\/pages\/23\/revisions"}],"predecessor-version":[{"id":549,"href":"https:\/\/felix-mentaltraining.de\/web\/wp-json\/wp\/v2\/pages\/23\/revisions\/549"}],"wp:attachment":[{"href":"https:\/\/felix-mentaltraining.de\/web\/wp-json\/wp\/v2\/media?parent=23"}],"curies":[{"name":"wp","href":"https:\/\/api.w.org\/{rel}","templated":true}]}}